) = -u**2 + 11*u - 22. Let w be m(9). Let r be (4 + (-6)/w)*2. Suppose 2*z = -i - 16, 3*z = i + 2 - r. Let k(g) = -g + 5. Give k(i).
11
Let i(w) = 22*w - 6. Let p(d) = 26*d - 5. Let b(u) = -6*i(u) + 5*p(u). Let l be (9/6)/((-12)/160*-2). Give b(l).
-9
Let i(t) be the first derivative of t**4/4 - 5*t**3/3 + 2*t**2 - 2*t + 7765. Let s = 10 - 7. Determine i(s).
-8
Let u(m) = 0 + m**3 - 1 + 3*m - 6*m**3 + 3*m**3 + m**2. Let i be 105*19/266*16/60. Give u(i).
-7
Let q be (-4 - (4 - 8))/(-1) - 279. Let f = q + 280. Let u(y) = -31*y**2 - y. Determine u(f).
-32
Let o(g) be the first derivative of g**7/840 + 7*g**6/360 + g**5/15 + 7*g**4/24 - 9*g**3 + 120. Let u(t) be the third derivative of o(t). Give u(-6).
-5
Suppose -3*q + 9 = -0*q. Let c(v) = -7 - 8*v - v**3 + q*v + 0 + 9*v**2. Suppose -n + 8 = -2*o, 17 - 1 = 2*n + 5*o. Calculate c(n).
17
Let j(z) = -27 - 372*z + 130 - 28 - 27 - 38 + 373*z. Let x(w) = -w**3 + 4*w**2 + 4*w - 1. Let h be x(5). Give j(h).
4
Let n(l) = -10*l - 8. Let g be n(-4). Let x = -27 + g. Let y(r) = -2 - x*r - 2*r**2 + 0 + 2*r + 3*r**2. Determine y(-2).
8
Let b be (208/91 + (-6)/21)*2. Let u(m) be the first derivative of 5/3*m**3 + m - 3/2*m**2 - 3 - 1/4*m**4. What is u(b)?
5
Let m(q) = -2*q**2 - 3*q + 30. Let b(i) = i**2 + 2*i - 14. Suppose -5 - 15 = x - 5*s, -4*x - 8 = 4*s. Let a(w) = x*b(w) - 3*m(w). Determine a(0).
-20
Suppose 27*r - 15*r - 516 = 0. Let i = r - 52. Let g(p) = -p - 5. Determine g(i).
4
Let h(a) = -7*a - 6. Suppose -236 + 160 = 76*m. What is h(m)?
1
Let m(g) = -30*g + 8. Let q = 51 + -55. Let n be m(q). Let w = n + -131. Let u(b) = b + 4. What is u(w)?
1
Suppose -8*j + 25956 = 25980. Let v(c) = -9*c - 8. Give v(j).
19
Let h(c) = c**2 - 30*c + 43. Let s(f) = -2*f**2 + 38*f - 153. Let i be s(9). Calculate h(i).
-38
Let w(y) = 26*y**2 - 12*y - 10. Let a be w(-1). Let d(q) = 2*q - 45 + a + 10. What is d(3)?
-1
Let r = -73 + 86. Let x(n) = n**2 - 12*n - 16. Calculate x(r).
-3
Let h(z) = -28*z - 512. Let j be h(-22). Suppose -4*p = -7*p - 315. Let o = j + p. Let g(d) = -12*d**2. What is g(o)?
-12
Let d(b) = -b**3 + 5*b**2 + 5*b. Let w be d(6). Let r(j) = 2*j - 5. Let t(z) = 14*z - 24. Let m(k) = 6*r(k) - t(k). Give m(w).
6
Let h(b) = -2*b**2 - 50*b - 31. Suppose -i - 11*u = -12*u + 26, -4*i - 102 = -3*u. Give h(i).
17
Let v = 94 + -69. Suppose 0 = 4*w + 5*j + 21, -2*w - 3*w + 4*j = -v. Let y(c) = 13*c + 3. Let u(h) = -7*h - 2. Let q(r) = 5*u(r) + 3*y(r). Determine q(w).
3
Suppose -13*a - 313*a - 1956 = 0. Let r(x) = 2*x + 9. Determine r(a).
-3
Let w(t) = -3*t - 21. Let i(d) = -d + 1. Let m be i(9). Let n be w(m). Let u(y) = -9 + n*y - 3*y + y + 0*y. What is u(7)?
-2
Let l(p) = -p**3 - 9*p**2 - 10*p - 11. Let x be (-473)/22*16/(-1). Let v = x + -352. Determine l(v).
5
Let y(o) = 8*o + 7. Suppose 0 = -68*v - 3*v + 1562. Calculate y(v).
183
Let i = -6 + 22. Suppose 7*p = 2*t + 2*p + 22, -t + 5*p - i = 0. Let b(k) be the third derivative of k**4/24 + k**3/2 + k**2 + 8*k + 14. Give b(t).
-3
Suppose -h = -7*y - 2, -65 = -4*y + 5*h - 13. Let z(v) be the third derivative of v**6/60 - v**2. What is z(y)?
-16
Let a(k) be the first derivative of k**6/120 + k**4/6 - k**3/6 + k**2/2 - 88*k + 225. Let v(h) be the second derivative of a(h). Determine v(-3).
-40
Let y(l) be the second derivative of -l**7/2520 + 7*l**6/360 - l**5/8 - 245*l**4/12 - 151*l. Let i(d) be the third derivative of y(d). Give i(10).
25
Let z(u) = -4*u + 11*u - 30 + 8 - 10*u + 6*u. Calculate z(5).
-7
Let n(a) = a**2 - 2*a - 5. Let g(w) = -3*w**2 + 8*w + 17. Let i(d) = -3*g(d) - 8*n(d). Suppose -3*q + 40 = q. What is i(q)?
9
Let l(d) = -39*d + 173*d - 48*d - 39*d - 44*d + 20. What is l(-12)?
-16
Let n(y) = -11*y**2 - 23*y + 5. Let t(h) = 2*h**2 + 4. Let v(x) = -n(x) - 5*t(x). Calculate v(-25).
25
Suppose -5 = t - 2*l, 3 + 2 = l. Suppose 7 = -t*o + 12. Let k(n) = -4*n**2 - 3*n + 4*n + 0*n**2 - o + 3*n**2. What is k(-2)?
-7
Suppose -c + 2 = -1. Let u(z) = z**2 - z - 44. Let f(m) = m**2 - 3*m - 85. Let q(l) = -f(l) + 2*u(l). Determine q(c).
9
Let p(r) = -83*r - 76. Let t(a) = 2*a**2 - 8*a + 5. Let x be t(3). What is p(x)?
7
Let a be 2/1 + -2 + 3. Let v(t) = -3*t**2 + 3165*t + 813*t**3 - 811*t**3 + 1 - 3169*t. What is v(a)?
16
Let x(j) = 13*j + 4. Let c(d) = -3*d - 1. Let a(q) = 4*c(q) + x(q). Suppose -3*v - 2*g - 7 = -0*v, -5*g + 45 = -5*v. Calculate a(v).
-5
Let n(m) be the third derivative of -4*m**2 - 1 + 1/60*m**5 + 1/6*m**3 + 1/12*m**4 + 0*m + 1/30*m**6. Calculate n(-1).
-4
Let n = 319 + -307. Suppose -16*f + n*f - 3*z - 31 = 0, 5*f + 5*z + 45 = 0. Let d(j) = -j**2 - 5*j - 5. Calculate d(f).
-1
Let j(i) = -i**2 + 7*i + 6. Suppose -5*y + 55 = -5*n, n + 109 = -4*y + 143. What is j(y)?
-12
Let t(v) = -9*v + 0 + 24*v + 3*v**2 + 113*v**3 - 16*v**2 + 5 - 114*v**3. Let k be -23 + 23 - (0 - -14). Determine t(k).
-9
Let f(p) be the third derivative of -p**6/60 + 23*p**5/60 - 7*p**4/12 + 2*p**3 + 930*p**2. What is f(11)?
-21
Let x(s) = 4 + 4*s**2 - 5*s**2 - 2. Suppose 32*j = 63*j - 20*j + 22. What is x(j)?
-2
Let t be (54/15 + -3)/(14/(-210)). Let w(j) be the second derivative of -j**4/12 - 3*j**3/2 - 9*j**2/2 + 204*j - 1. Give w(t).
-9
Suppose -5*q + 9*q + 8 = 0. Let r be 0 - (q/(-5) - 222/30). Let h(f) = -12 - 10*f**3 + 37 - r - 17 - f**2 + f. Give h(-1).
9
Suppose 0 = 7*g + 13 + 1, -3*b - 26 = 4*g. Let r(z) = -z**2 + 10*z + 23. Give r(b).
-73
Let x(b) = b**2 + 8*b + 8. Let s be (-36)/(-42) - 592/(-28). Suppose -13 = -4*y + 3. Suppose 3*j = -c + 5*c - 2, y*c + s = -j. Calculate x(j).
-4
Let h(i) be the first derivative of -2*i**3/3 - 2*i**2 - 4*i + 20286. Suppose 12 = 6*d - 9*d. Calculate h(d).
-20
Let t(g) = 3*g**2 - 12. Suppose -133*d + 130*d + 24 = 4*r, -4*r + 2*d = 16. What is t(r)?
-12
Let l = -5291 - -5290. Let f(p) = -64*p + 3. What is f(l)?
67
Let w(v) = -3*v - 2. Suppose -5 = -5*y + 5*l, 13*y - 18*y = 5*l - 15. Suppose 16*x - 28 = y*x. Calculate w(x).
-8
Let j(b) be the first derivative of b**4/2 + 47*b**3/3 + 23*b**2/2 - 21*b - 10345. What is j(-23)?
-21
Let l(u) = 8*u - 47. Let f = -1641 - -1646. What is l(f)?
-7
Let o(d) = -2*d + 4. Suppose -664 = 346*j - 429*j. Determine o(j).
-12
Let b be 8 - (-2)/(6/(-9)). Suppose 71*h - 70*h = 3. Let u(g) = h + b*g**2 + g**3 - 2*g - 7 - g**2 + 3. Determine u(-4).
7
Suppose -7*w + 22 - 71 = 0. Let u(r) = -3*r**2 - r - 1. Let p(z) = 7*z**2 + 9*z + 7. Let h(q) = -p(q) - 2*u(q). What is h(w)?
-5
Let c(i) = 4*i**3 - 151*i**2 + 111*i + 7. Let s be c(37). Let x(w) = -w**2 + 2*w + 5. Give x(s).
-30
Let f(p) = 58*p + 1. Let v = 400 + -401. Calculate f(v).
-57
Let i(s) = 20*s**2 + 2*s**2 + 2*s - 20*s**2 + 2 + 12*s. Calculate i(-7).
2
Suppose -5*q - 3*f + 25 = -18, -q = -5*f + 25. Let p(a) = -a**2 + 4*a + 6. What is p(q)?
1
Let z(o) = -3*o**2 - 2 - o + 0*o**3 + 1 - o**3. Let p(w) = 2*w**3 + 12*w**2 - 133*w - 532. Let f be p(-10). Give z(f).
-3
Let k(n) be the third derivative of -17/6*n**3 + 0*n - 1/60*n**5 + 49*n**2 + 0 - 3/8*n**4. Let i be k(-7). Let m(o) = o**2 + 5*o + 2. Determine m(i).
-4
Let j(i) = i**2 - 9*i - 11. Let c(x) = x**2 + x + 4. Let p(m) = 2*c(m) - j(m). Calculate p(-5).
-11
Let h be (-57)/10 - 468/1560. Let t(z) = -z**3 - 7*z**2 - 4*z - 4. Let y(i) = -2*i**3 - 14*i**2 - 8*i - 8. Let n(u) = 13*t(u) - 6*y(u). Calculate n(h).
-16
Suppose 35 = -a + y, -4*a = -2*y - 0*y + 148. Let u(c) = -2*c - 80. Determine u(a).
-2
Let z(c) be the first derivative of c**2/2 + 25*c + 1. Let h(l) = -l**3 + 60*l**2 - 216*l - 448. Let r be h(56). Give z(r).
25
Let b(v) = -v**2 + 14*v - 8. Let h be b(12). Suppose -3*s - h = -11*s. Let x(u) = -2*u - 8*u**s + 4 + u**2 + u**3 + u**2. Determine x(6).
-8
Suppose 0 = t + 3*i + 19, 10 + 15 = -5*i. Let w be (3 - 12/(7 + t))*10. Let o(k) = k**3 + 11*k**2 + 9*k - 10. What is o(w)?
0
Let l(i) = -i**2 - 2*i - 2. Let p be (-8 - (-245)/25) + (-4)/5. Let d = -2 - p. Calculate l(d).
-5
Let t(p) = p**2 - 5*p. Let g(m) = m**3 + 9*m**2 + 20*m + 43. Let q be g(-7). Let o(b) = 5*b**3 - 2*b**2 - 2*b + 4. Let x be o(q). Calculate t(x).
0
Let m(a) = -a**2 + 2*a + 4. Let r(h) = 19*h**2 - 9*h + 2. Let k be r(4). Let g be ((-184)/30 - -1) + 36/k. Give m(g).
-31
Let k be 6/28*(-12)/((-576)/56). Let y(p) be the first derivative of -3*p - k*p**4 + 3*p**2 - 5/3*p**3 - 32. What is y(-6)?
-3
Let j(g) = -g**3 - 1